452. What is the units digit of r?
9
Let b = -52 - -19. Let r = -31 - b. Suppose 5*k - 266 = -r*k. What is the tens digit of k?
3
Suppose -5*j = 3*p - 5771, 2*p = -4*j - 75 + 3923. What is the thousands digit of p?
1
Let j(y) = -y**3 + 26*y**2 - 4*y + 147. What is the hundreds digit of j(12)?
1
Let k = -4177 + 12931. What is the units digit of k?
4
Let o = -255 + 467. Let v = o - 182. What is the tens digit of v?
3
Let q(p) = -2*p + 1. Let m(t) = t**3 + 5*t**2 - 6*t. Let f be m(-6). Let c be q(f). What is the units digit of c - -18 - (-6 + 6)?
9
Suppose -3*s - 4*q = -25, 7*s + 4*q - 18 = 5*s. What is the tens digit of s/1*2*-1*-46?
4
Suppose -d + 15981 = -b - 1602, -5*d - 5*b + 87965 = 0. What is the tens digit of d?
8
Suppose 1 = -15*r + 14*r, -3*d + 35354 = r. What is the thousands digit of d?
1
Let u(d) = -3*d + 89. Let n(a) = a**2 + 12*a + 16. Let l be n(-10). Let h be l/70*-7 + (-4)/10. What is the units digit of u(h)?
9
Suppose 2*b + 2*b = -4*m + 28, b - 13 = -3*m. Suppose 4*s = 4*f - 1372, 0 = 5*f - 0*f + m*s - 1747. What is the units digit of f?
7
Suppose 5*n = -19*n + 189912. What is the units digit of n?
3
What is the tens digit of 0 + ((-55334)/(-219))/(2/24)?
3
Let a(q) = 2*q + 152. Let s = 132 + -147. What is the units digit of a(s)?
2
Let r(u) = -216*u - 4018. What is the thousands digit of r(-42)?
5
Let j = -77 - -49. Let i(h) = h**3 + 30*h**2 + 41*h + 40. What is the tens digit of i(j)?
6
Let a(i) = -15*i - 229. What is the tens digit of a(-65)?
4
What is the units digit of (45/27)/((-2)/6) - -1953?
8
Suppose 1266306 + 957951 = 42*s + 7*s. What is the hundreds digit of s?
3
Let w(t) = -97*t**2 + 192*t**2 + 25*t - 96*t**2 - 66. What is the units digit of w(16)?
8
Suppose 6*h - 24 = -s + h, -4*s = 3*h - 79. Suppose -v + 163 - s = 0. What is the tens digit of v?
4
Suppose -3045*p - 2536952 = -3133*p. What is the units digit of p?
9
Let b = -60469 + 102056. What is the thousands digit of b?
1
Let p(t) = -32*t - 37. Let s be -25 - -12 - (-1 + 2*-1). What is the units digit of p(s)?
3
Suppose 3 - 13 = -2*o. Suppose -49*c + 54*c - 15 = 0, o*c - 384 = -3*f. What is the tens digit of f?
2
Let k = -338 - -341. Suppose -k*g + 5*g - 5*h - 1963 = 0, -20 = 4*h. What is the units digit of g?
9
Suppose 2*b + 2*o = 20466, 4*o + 11 = -9. What is the units digit of b?
8
Let k(x) = -47*x + 172. Let z be ((-3)/3 + 24)*-1. What is the units digit of k(z)?
3
Suppose 4*l - d = 7, 5*l + 3*d - 27 = 3. Suppose -3*o = -0*u - 3*u, 5*o - l*u = 8. Suppose -z = 0, 4*b + o*z - 109 - 351 = 0. What is the tens digit of b?
1
Let z(t) = 63*t**2 - 12*t + 42. What is the hundreds digit of z(-11)?
7
Suppose -1 + 26 = 5*m. Suppose -m*n = -5*f + 5, 4*f - 16 = -0*f. Let h(j) = 2*j**3 + j**2 + 8*j - 12. What is the units digit of h(n)?
5
Suppose 68*j - 65*j - 55208 = -5*v, 44184 = 4*v - 2*j. What is the hundreds digit of v?
0
Let p be -1*80*(-2)/4. What is the tens digit of 159 - 7/2*p/35?
5
Let l(d) = d**3 + 30*d**2 - 56*d + 91. What is the thousands digit of l(-26)?
4
Suppose -2246 = -5*p + 774. What is the hundreds digit of (p/3)/((-10)/(-15))?
3
Suppose 4*s - 66409 = q, q = -3*s + 14816 + 34996. What is the tens digit of s?
0
Suppose 100320 = -210*a + 225*a. What is the units digit of a?
8
Suppose -5*o = 3*r - 1005, -23*r + 654 = -21*r - 2*o. Suppose -r*w + 338*w = 7848. What is the units digit of w?
1
Let s be ((-220)/6)/(-6*5/(-765)). Let u = s - -665. Let x = -168 - u. What is the units digit of x?
2
Let z be (-5)/(-10)*-10 + 5. Suppose -4*b - 3*b + 35 = z. Suppose -7*s + 332 = -b*s. What is the units digit of s?
6
Let i = 26507 - 14054. What is the ten thousands digit of i?
1
Let a(w) = 3*w**2 - 4*w + 10. Let d be a(9). Let m = -36 + d. What is the hundreds digit of m?
1
Let q(z) = -z**3 - 14*z**2 - z - 16. Let p be q(-14). What is the hundreds digit of 604 - ((-9)/9 - (-1 + p))?
6
Let a(z) = 2354*z - 1829. What is the hundreds digit of a(5)?
9
Let k = -4740 - -7573. What is the tens digit of k?
3
Suppose -5*j = 1817 - 8452. Suppose n = 2*p - 1310, -n + 645 = p + n. Suppose 12*q = j + p. What is the hundreds digit of q?
1
Suppose -8*r = -3*r + 4080. Let p be 3/2*r/(-18)*-2. Let g = -79 - p. What is the units digit of g?
7
Let v(k) = -2*k**2 + 7*k - 4. Let r be v(4). Let s(j) = -j**2 - 11*j + 7. Let y be s(r). Let u = 43 + y. What is the tens digit of u?
7
Let c(v) = 4*v**3 - 2*v**2 - 4*v - 2. Let h be c(-1). What is the tens digit of ((-8)/(-12)*519)/1 + h?
4
What is the hundreds digit of ((-3)/9)/(1/(-3183))?
0
Suppose -2111 = -p - 4*t - t, -3*t = p - 2101. Let l = 3168 - p. What is the tens digit of l?
8
Let w(u) = 51*u**2 - u + 3. Let k(j) = 102*j**2 - 2*j + 5. Let c(z) = -2*k(z) + 5*w(z). What is the tens digit of c(3)?
6
Suppose r + 0*r + 16 = 0. Suppose -65 = 3*i - 4*i - 4*s, -4*i - 2*s = -218. Let y = i + r. What is the units digit of y?
7
Suppose 0 = -7*n - 201 - 3488. Let o = -280 - n. What is the tens digit of o?
4
Let z be 2/6 + (-2960)/60. Let h = z - -54. Suppose h*t = 3*t + 278. What is the tens digit of t?
3
Let t(u) = -2*u**3 + 92*u**2 - 83*u - 172. What is the tens digit of t(37)?
9
Suppose 0 = 2*w + 2*j - 34544, -2*j - 38222 = -5*w + 48180. What is the ten thousands digit of w?
1
Let w = 41693 + -26458. What is the tens digit of w?
3
Let a be ((-2)/4)/(5/(-5540)). Let l = -370 + a. Let d = l + -87. What is the units digit of d?
7
Let p(y) = -y**3 + 2*y**2 + 8*y + 3. Let k be p(4). Suppose -k*o = 4*x - 100, x + 2*o = 3*o + 25. Suppose x*u + 198 = 27*u. What is the units digit of u?
9
Suppose -3*h = -3*q - 33, 0*q + 2*q = -2*h + 42. Suppose -2*m + 5*d + 33 = 0, -2*m + d + h = -5. What is the units digit of (m/6 - 2)*-184?
2
Let d be (-4)/6*9/(-2). Suppose 0 = d*l + 9 - 12. What is the tens digit of 98 + (l - -4) + -2?
0
Suppose 2*d - 1797*g + 1795*g = 62308, d - 2*g - 31151 = 0. What is the hundreds digit of d?
1
Let b(u) be the third derivative of u**5/30 + u**4/8 - 4*u**3/3 - 3*u**2. Suppose -5*j - 2*h = -5, -3*h + 29 = -3*j + 53. What is the units digit of b(j)?
9
Suppose 5*f + 0*f = -2*z + 13, 1 = f. Suppose y = 4*r - 6 + 3, 3*y - z*r + 17 = 0. Let u = y - -37. What is the units digit of u?
0
Suppose 65*w - 45269 - 14907 = 29069. What is the thousands digit of w?
1
Let j(x) = -2*x**3 - 3*x**2 + 1. Let m be j(-3). Suppose -8*z = -148 - m. Let g = z + -14. What is the units digit of g?
8
Suppose r + 4*x = -8, 8*r = 9*r - 3*x - 13. Suppose v - 41 = -r*w, -w - 118 = -2*v - 0*w. What is the tens digit of v?
5
Let n(d) = 53*d**3 - 3*d**2 + 2*d - 1. Let i(f) = -2*f**3 - 2*f**2 + f + 3. Let r be i(-1). Let j be r + 4/((-4)/3) + 2. What is the tens digit of n(j)?
5
Let u(k) = -k**2 + 1. Let j(r) = -r**3 + 13*r**2 + 9*r + 15. Let s(m) = -j(m) - 3*u(m). Let b be s(11). Let t = 47 - b. What is the units digit of t?
3
Let t = 43 - 43. Let w be t + (-3)/(3 + -4). Let j(m) = 2*m**3 - 4*m**2 + 2*m + 1. What is the tens digit of j(w)?
2
Let g(i) = -i**3 + 6*i**2 - 2*i + 4. Let a be g(3). Suppose 4 = -2*h - t, -a = -5*t - 5. What is the units digit of (-129)/h + 1/(-4)?
2
Suppose 8*n - 5 = 3*n. Let f be -24*((0 - n) + (-7)/(-28)). Suppose 3*v = f - 0. What is the units digit of v?
6
Let b(r) = 3*r**2 - 76*r + 511. Let n(t) = 38*t - 255. Let h(f) = 4*b(f) + 7*n(f). What is the units digit of h(11)?
3
Let b(z) be the second derivative of -5*z**5/4 + z**4/12 - 13*z**3/6 + 2*z**2 - 14*z - 6. What is the units digit of b(-3)?
7
Suppose 958 = 2*c - 802. Suppose 3*g - 16 - 14 = 0. Suppose 6*t = g*t - c. What is the tens digit of t?
2
Let f(c) = 28*c**2 + 3*c - 31. Let q be f(-7). What is the tens digit of (q/1 - -2)/2 + 1?
6
Let i = -15519 - -22977. What is the thousands digit of i?
7
Let b(c) = -4*c - 38. Let i be b(-10). Suppose 0 = 3*y - 12, 7*v + 57 = i*v + 3*y. Let m = v + 32. What is the units digit of m?
3
Let m(w) = 517*w**2 - 1294*w - 15. What is the units digit of m(8)?
1
Suppose -17409 = -t + 24*x - 29*x, -t = 2*x - 17436. What is the thousands digit of t?
7
Suppose 5*a - z = 25635, 4*a = -17*z + 22*z + 20508. What is the thousands digit of a?
5
Suppose p - 5*z - 27136 = 21542, 5*z - 291998 = -6*p. What is the thousands digit of p?
8
Suppose 11984 = x + 3*a, 3*x = 23*a - 21*a + 35886. What is the hundreds digit of x?
9
Let t be 72/(-96) - (-9638)/8. Su